et v = 11 + -7. Suppose -v*z + 1896 = -4*d, 7*z - 3*z + d - 1921 = 0. Is z composite?
False
Let i be (3908 + 0/1)*(-148)/(-16). Suppose 8*z = -4605 + i. Is z prime?
True
Let w(u) = 6*u**3 + 16*u**2 - 12*u + 9. Is w(8) prime?
False
Let t(g) = -5 - 9*g**3 + 2 - 4*g + 3*g**2 + 8*g**2 - g**2. Let k(z) = 4*z**3 - 5*z**2 + 2*z + 2. Let j(h) = -5*k(h) - 3*t(h). Is j(3) a composite number?
False
Suppose -2*r + 24 = -3*g - 14, -4*r - 4*g = -36. Let i(o) = r + 1 - 3*o + 7*o. Is i(12) prime?
False
Let m(p) = 17*p**2 + 64*p + 72. Is m(-37) a composite number?
True
Suppose 0 = 4*j + 8, -149373 = -2*l - 3*j + 11863. Is l prime?
True
Suppose -8*t + 17*t = 45. Let i(k) = k**3 + 5*k**2 - 6*k + 6. Let g be i(-5). Suppose t*q - g = 259. Is q a composite number?
False
Let a(v) = -6*v**3 + 3*v + 2. Let y be a(-1). Suppose 0*m = -y*m + 2435. Is m a composite number?
False
Let k(s) = -21*s - 1. Let y be k(-1). Let u = y + -15. Suppose 6 = -b + 1, u*b - 32 = -3*o. Is o prime?
True
Suppose l = -3*l + 1076. Suppose 2077 = 6*o - l. Is o composite?
True
Suppose -s + 3*k + 11435 = 0, 0*k - 8 = 4*k. Is s a prime number?
False
Suppose -3*f - 294 = -4*a - f, -f = -5. Let k = 597 + a. Is k a composite number?
False
Let z(j) = 527*j + 3. Suppose -5*h = -f - 15, 2*f + 5 = 5*h - f. Is z(h) composite?
False
Suppose 214282 = 51*w - 13*w. Is w a prime number?
True
Let c(y) = y**3 + 13*y**2 + y + 13. Let w be c(-13). Suppose 2391 = 3*x - w*x. Is x prime?
True
Let v(a) = a + 2. Suppose -3*p = m + 1, 3*p + 5 = -2*m + 3. Let o be v(p). Suppose -3*h + 1075 = o*h. Is h composite?
True
Let h be 16/(-40) + 34/10. Suppose 0*p = h*p - 381. Is p prime?
True
Let s = -4 - -8. Let p(t) = 5*t. Let r be p(1). Suppose -360 = -4*d + s*g - 0*g, 4*d - 369 = -r*g. Is d a composite number?
True
Suppose 88*p + 6433 = 95*p. Is p a prime number?
True
Let f be 4/(-10) + (-36)/(-15). Suppose 3*g = f*g + 10. Suppose -8*w = -g*w + 478. Is w prime?
True
Suppose h + 11 = -9. Let x be h/(-6) - (-2)/3. Suppose -x*g + 439 = -789. Is g composite?
False
Let b(p) = 243*p**3 - 2*p**2 + 34*p - 130. Is b(5) prime?
False
Is 139456/14 + 8/(-56) a composite number?
True
Let t be (-3 - 0)/(6/(-2692)). Is 5/(-10)*t*2/(-2) a composite number?
False
Suppose 12*i - 4*i = 366632. Is i a composite number?
True
Suppose -89993 = 22*i - 53*i. Is i a composite number?
False
Let i = -89439 - -137036. Is i prime?
False
Let l be (-4 - 35/(-10))*-268. Suppose -l = -u + 131. Is u prime?
False
Let i(u) = 34*u**3 + 1. Let q be ((-15)/12)/((-1)/4). Suppose 5 + 0 = q*f. Is i(f) a prime number?
False
Let s(t) = -t - 5. Let m be s(-11). Suppose -m*k + k + 385 = 0. Is k composite?
True
Let g(o) = -458*o**3 - 7*o**2 - 65*o + 1. Is g(-6) prime?
False
Let k(w) be the first derivative of 26*w**2 - w - 1. Suppose 4*i = i + 6. Is k(i) a composite number?
False
Suppose 17*c + 3*m = 18*c - 2519, -3*m - 10076 = -4*c. Is c prime?
False
Let u(b) = -139*b**3 + 4*b + 11. Is u(-2) composite?
True
Let d(q) = 19*q**2 - 5*q - 3. Let b = 34 - 42. Is d(b) a composite number?
True
Let h be (2 - 5/2)*(0 + 0). Is h/(3 + -2) - -1018 a composite number?
True
Let b(n) = n**2 - n - 1. Let s be b(-2). Suppose -s*w + 222 = -8*w. Let k = -41 - w. Is k prime?
False
Let c(u) be the first derivative of 2*u + 2/3*u**3 - 13 - 5/2*u**2. Is c(-5) a prime number?
False
Let z = -70 + 72. Suppose -1174 = -z*q + 6*i - 4*i, -4*i + 567 = q. Is q a composite number?
True
Suppose -4 = -4*n + 4. Suppose y - 597 = -n*y. Is y prime?
True
Suppose -4*y = -2*y - 144. Suppose -5*p + 93 = -y. Is p a prime number?
False
Suppose -a + 2*a + 2*s = -156, -822 = 5*a - 4*s. Let z be -1 + 3 - (3 + a). Suppose -w = j - 140, 5*j + z = 2*w - 154. Is w a prime number?
False
Suppose 4*g - g = -1641. Let t = g + 773. Is (t - (-4)/(-1)) + 1 a prime number?
True
Let k(n) = -n**3 - 11*n**2 + 15*n + 11. Let y be k(-12). Let m be ((-20)/y)/(2/10). Suppose -m*c = -5*u + c + 930, 0 = -2*u + 5*c + 381. Is u a prime number?
False
Let x(w) = 16*w**2 + 36*w + 223. Is x(-8) a composite number?
True
Suppose 0 = 4*x - 2*c - 4622, 1148 = 3*x + 3*c - 2305. Is x prime?
False
Let a(d) = d**3 + 15*d**2 - 18*d - 10. Suppose 27 + 5 = -2*o. Is a(o) a prime number?
False
Let n(a) = -a**3 - 9*a**2 + 7*a + 1. Let v(r) = -r**2 - 8*r - 10. Let o be v(-8). Is n(o) prime?
True
Let d be 1/(-2) - 67/(-2). Suppose -f = 5*h - 13, -2*f - 3 + 15 = 3*h. Suppose h*i - 29 = d. Is i prime?
True
Let o be -1*9*-1 + 1. Let v = 227 - 135. Suppose -v = 6*s - o*s. Is s a prime number?
True
Is 2 + 706 + (19 - 24) prime?
False
Suppose 4*y + f = 139959, y - 4*y - 4*f + 104953 = 0. Is y composite?
True
Let i be (0 + 2 + -7)*4/5. Is 0 - (i - 38/2) prime?
True
Let o(b) = b**3 + 3*b**2 - 6*b - 3. Let p be o(-4). Suppose -3*z + 1 = 5*x + 10, 3*x + p = -2*z. Suppose -z*t + 208 = -106. Is t a composite number?
False
Let a(m) = -69*m**3 + 7*m**2 + 5*m + 2. Let i(c) = -139*c**3 + 15*c**2 + 11*c + 4. Let j(n) = 7*a(n) - 3*i(n). Is j(-3) composite?
True
Let o = 54 - 50. Suppose -2*m - 401 = -f, -4*f + 1549 = o*m - m. Is f prime?
False
Suppose 5 = -5*p + 3*n - 5*n, -20 = 4*n. Is (-3651 - -5)/((-4 + 2)*p) a prime number?
True
Suppose o - 66 = 3*c, -3*o = -2*c - 0*o - 51. Is (-3090)/c - 1 - (-9)/(-63) a prime number?
False
Let y = 5623 - 2744. Is y composite?
False
Suppose 2*j = -4*p + 9328, 0 = -5*p + j + 1773 + 9894. Is p a composite number?
False
Let b = 46 + -26. Suppose -4*x - x = -b. Let l(u) = 53*u - 9. Is l(x) a composite number?
True
Let z(u) be the second derivative of u**5/20 - 2*u**4/3 - 5*u**3/6 - 7*u**2 + 22*u. Is z(12) composite?
True
Let l(h) = -h**3 + 16*h**2 + 16*h + 9. Let t be l(13). Let j = t - -153. Is j composite?
False
Let q = 5 + 0. Let t = q + 0. Suppose 296 = -n + t*n. Is n a composite number?
True
Let n(h) = 1753*h - 154. Is n(15) a prime number?
True
Let b be ((-4)/10)/(7/(-31395)). Suppose -4*s - 14 = -b. Is s composite?
True
Let a be 0 + (7 - 2 - 4) - -5. Suppose -p = 3*u - 830, 10*u - a*u = 3*p - 2451. Is p composite?
False
Let g be 2/(-3) - 311/(-3). Let k be 18/(-18) + 1*-71. Let t = g + k. Is t a composite number?
False
Let a = -16 - -18. Suppose 4*v + f = 1481, -2*v + a*f + 1119 = v. Is v composite?
True
Let i be 2/8 - 15/(-4). Suppose 0 = -5*r + o + 4201, 0 + i = o. Suppose 6*z + 5*h = 3*z + 618, -r = -4*z - h. Is z a composite number?
False
Suppose -2*b = -15*b + 1859. Is b composite?
True
Is 8949 - 4 - (0 - -4) a composite number?
False
Let r(u) = -4*u**3 + 11*u**2 + 23*u - 17. Is r(-10) composite?
True
Is ((-4822203)/(-1955))/(2/(10*1)) a prime number?
False
Let z(i) = 319*i + 1. Let m be z(2). Suppose -3*y + 4*y = m. Suppose 3*l = 240 + y. Is l a prime number?
True
Let c(g) = -8*g**3 + 7*g**2 - 17*g + 23. Is c(-13) prime?
False
Suppose 2*l - 15 = -15. Suppose 3*b + 2*c - 1951 = 6*c, l = 5*b + 3*c - 3242. Is b a prime number?
False
Let y = -4 + -5. Let c(g) be the third derivative of g**6/120 + g**5/6 - 5*g**4/12 - 2*g**3/3 - 3*g**2. Is c(y) prime?
True
Let g = 16990 - 5907. Is g prime?
True
Suppose -22*o = -23*o + 125. Suppose -30 = -k + o. Let v = 392 - k. Is v prime?
False
Suppose -2*j + 5*c = 2, -j - 4*j - 5 = 4*c. Let h be j/(3/1734*-2). Suppose 5*a - 3*m = -0*m + h, -2*a - 3*m + 124 = 0. Is a prime?
True
Suppose 0 = -75*k + 73*k + 5*s + 8202, 4*s = -16. Is k prime?
True
Let a = 36640 - -4531. Is a composite?
True
Let u be -1 + (0 - 1) - (16 - 22). Suppose 764 - 5520 = -u*j. Is j prime?
False
Let t be (-6)/21 + (-6234)/(-14). Suppose -3*h + 8*h + t = 0. Let w = h + 220. Is w prime?
True
Let k(q) be the third derivative of 17*q**5/60 + 5*q**4/24 - 3*q**3/2 + 15*q**2. Is k(-7) composite?
True
Let d be 1*4854/8 + (-10)/(-40). Suppose -d = -5*f - 3*v, v + 2 - 1 = 0. Is f composite?
True
Suppose 0 = -11*x + 35*x - 59544. Is x a prime number?
False
Let y = 1641 + -443. Is y composite?
True
Let w be ((-4)/(-3))/(4/12). Suppose -1 - w = h. Is 31*(4 + (h - -2)) prime?
True
Suppose q = 5*m + 44, -3*m + 15 - 9 = 0. Is (-10418)/(-18) + 12/q composite?
True
Let p be -5 + 1*-2 + 0. Let x(o) = 3*o**3 - 10*o**2 - 6*o - 16. Let l(r) = r**3 - r. Let q(c) = 4*l(c) - x(c). Is q(p) a prime number?
True
Let w be (-535352)/6 + 6/(-9). Suppose 149*n = 148*n + 162. Is (-2)/(-9) - w/n a composite number?
True
Let h be 2*(-15)/10 + -2176 + 0. Let z 